, 5*t = g - 17. Suppose 11*z - g*z = -71. What are the prime factors of z?
71
Suppose -2*c = -0*c - 22. Let j = c - 8. Suppose -j*k - 53 + 167 = 0. What are the prime factors of k?
2, 19
Let z = 137 + 919. What are the prime factors of z?
2, 3, 11
Let z be 1*(4 - 1)*-1. Let x = 6 + z. Suppose 18 = 3*v - x*g, 5*v + 6 = -6*g + 2*g. What are the prime factors of v?
2
Let y(n) = n**3 + 7*n**2 + 9*n + 9. Let x be y(-6). Let g = 26 + x. What are the prime factors of g?
17
Suppose 0 = -3*z + 10 + 44. Let t = -13 + z. What are the prime factors of t?
5
Suppose 15762 - 1157 = 23*n. What are the prime factors of n?
5, 127
Let y = 4 + 4. Let p(f) = 5*f - 8. Let g be p(y). What are the prime factors of g + (-1 - -2 - -3)?
2, 3
Let t be 46*((-9)/(-2))/3. Suppose t = 2*o - 33. List the prime factors of o.
3, 17
Let k = 1041 - 118. List the prime factors of k.
13, 71
Let f be (12/18)/(4/12). Suppose 32 + 28 = f*i. List the prime factors of i.
2, 3, 5
Suppose 86 = 17*r - 101. What are the prime factors of r?
11
Suppose -1610 = -3*v - 11. What are the prime factors of 12/16 - v/(-4)?
2, 67
Suppose 3968 = 8*o + 8*o. List the prime factors of o.
2, 31
Suppose -3*v - 30 = -3*b, -5*v - 34 = 5*b - 2*b. Let k(p) = 48*p - 4. Let f be k(v). List the prime factors of f/(-14) - (-16)/56.
2, 7
Let g = 7015 - 1096. List the prime factors of g.
3, 1973
Let t be (-3 - 21/6)*-4*3. Let j = t + -34. List the prime factors of j.
2, 11
Let s(r) be the second derivative of -29*r**3/6 + 12*r. List the prime factors of s(-2).
2, 29
Let x = 2548 + -1260. What are the prime factors of x?
2, 7, 23
Let u be 5/(-5) - (-21 - -1). Let t(i) = i**3 + 5*i**2 - 5*i + 6. Let l be t(-6). Let r = l + u. List the prime factors of r.
19
Let n be 2/(-8) + 114/8. Let l = -11 + n. Suppose -20 = -2*s - l*s. What are the prime factors of s?
2
Let q(a) = -a**3 + 13*a**2 + 7. Let y be q(13). Suppose -9*g + 38 = -y*g. List the prime factors of g.
19
Suppose -3*n + 411 = 3*a + a, 505 = 5*a + 2*n. Suppose -177 = -3*j + a. What are the prime factors of j?
2, 23
Let l(g) be the second derivative of -11*g**5/120 - g**4/6 - 2*g**3/3 + 2*g. Let x(a) be the second derivative of l(a). List the prime factors of x(-3).
29
Let p = -535 + 954. List the prime factors of p.
419
What are the prime factors of -2 + -1 - -62*(-15)/(-10)?
2, 3, 5
Suppose b - 2*b = -4*o - 8, 2*o = -2*b + 6. Suppose 0 = -3*s - v + 206, 0*v - b*v = 2*s - 154. What are the prime factors of s?
67
Suppose 3*q - 7 - 5 = 0. Suppose -q*n = -136 - 432. List the prime factors of n.
2, 71
Suppose 0 = -4*g - 4*n - 768, 0 = 6*g - 10*g - n - 759. Let w = g + 356. List the prime factors of w.
167
Let y(t) = 5*t**2 - t - 1. Let x be y(-1). Suppose -2*n + 0*n + 410 = -x*r, -2*n - 3*r = -442. What are the prime factors of n?
5, 43
Let l = 7 + -4. Suppose -57 = -4*v + l*v. What are the prime factors of v?
3, 19
Let f(i) = i**3 + 4*i**2 + 2*i - 3. Let x be f(-3). Suppose l - 19 = -u, 4*u + x = -l + 4. What are the prime factors of l?
2, 3
Suppose -5*i - 283 = -0*i + 3*c, 2 = -2*c. Let u = 24 + i. Let g = u - -58. What are the prime factors of g?
2, 13
Let h be (-1 + -1 - -1)*-2. Suppose 0*y + 11 = y. What are the prime factors of h/y + 172/22?
2
Suppose -2*u = -3*u - 0*u. Suppose 90*y - 92*y + 136 = u. What are the prime factors of y?
2, 17
What are the prime factors of (133/(-21) - -6)*(-5118)/2?
853
Suppose 0 = -s + 2*s - 90. Suppose 4*n - 3*n - s = 0. Suppose 0 = -6*m + m + n. List the prime factors of m.
2, 3
Let j(m) be the first derivative of -3/4*m**4 + 4 - 1/2*m**2 - 1/3*m**3 + 2*m. What are the prime factors of j(-2)?
2, 3
Suppose 2*x - 7 = 3. Suppose -s + x = 0, -201 + 1039 = -2*t - 2*s. List the prime factors of ((-2)/4)/(4/t).
53
Suppose -5*s = -4*y + 5431, -2*y + 5*s + 2748 = 9*s. List the prime factors of y.
2, 11, 31
Suppose 15*u = 10*u - 30. What are the prime factors of (-41)/(-6) + (-1)/u?
7
Let m(l) be the first derivative of 5*l**3/3 - l + 2. Let k be m(-1). Suppose k*c - 5*s + 0*s = 64, -2*c - s = -18. List the prime factors of c.
11
What are the prime factors of 1772 - 13 - (0 + -8)?
3, 19, 31
Let d(w) = -w**2 - 13*w - 17. Let p be d(-9). Suppose -375 = -p*r + 4*r. What are the prime factors of r?
5
Let a be (-2)/((-2980)/(-746) + -3 - 1). Let o = -260 + a. List the prime factors of o.
113
Suppose 29*o - 8550 = 24*o. List the prime factors of o.
2, 3, 5, 19
Let d(g) = 10*g - 10 - 10*g + 3*g. List the prime factors of d(26).
2, 17
Let o(z) = -98*z**2 + 2*z + 4. Let r be o(5). List the prime factors of (r/36)/(2/(-6)).
7, 29
Let d = -245 + 456. Let w = d - 82. What are the prime factors of w?
3, 43
Let v(o) be the second derivative of -o**5/20 - 3*o**4/4 + 11*o**3/6 + 15*o**2/2 + 5*o. Let q be v(-10). Suppose 30 = -q*p + 125. List the prime factors of p.
19
Suppose 0 = -3*r + 45. Let m = -8 + r. Suppose -m*w + 3*w = -128. List the prime factors of w.
2
Suppose 2*w = 5*y + 1204, 3*w + 3*y - 602 = 2*w. List the prime factors of w.
2, 7, 43
Let i(p) = 562*p**3 + p**2 - 1. Let w be i(1). Suppose -f = f - w. List the prime factors of f.
281
Suppose -3*y + 2*p + 2 = -0*p, -p + 2 = 0. List the prime factors of (105/6 + 3)*y.
41
Suppose 4800 - 14810 = -26*h. List the prime factors of h.
5, 7, 11
Suppose -5*r - 154 = 2*y, 5*y = -10*r + 5*r - 145. Let j = r - -77. What are the prime factors of 58/18 - 10/j?
3
Let j = -43 + 41. List the prime factors of j/(-7) + 3400/56.
61
Let k be (-1079)/(-52) + (-2)/(-8). List the prime factors of (0 - 122/3)/((-14)/k).
61
Let v = 51 - 7. Suppose -3*k - z = -13 - 28, 3*k - 2*z - v = 0. Suppose k + 70 = 4*p. List the prime factors of p.
3, 7
Suppose -2794 = -10*b + 2536. What are the prime factors of b?
13, 41
List the prime factors of 969/2 - 7/(-14).
5, 97
Let m = -25 - -1. Let u = 73 + m. List the prime factors of u.
7
Suppose 2*t - 19*k - 1038 = -15*k, -5*k - 1043 = -2*t. What are the prime factors of t?
509
Suppose 12*j + 479 = 5723. Suppose -3*g + j = -88. What are the prime factors of g?
5, 7
Let b(a) = -4*a. Let j be b(3). Suppose 0 = 5*q + 5*l + 20, -3*l + 16 = -4*q + l. What are the prime factors of (-225)/j - q/16?
19
Let h be (-190)/3*54/(-45). Let f = -19 + h. List the prime factors of f.
3, 19
Suppose 0 = 17*p - 21*p + 436. What are the prime factors of p?
109
Let b be (12/15)/((-7)/(-35)). Suppose -o - b*o + 395 = 0. What are the prime factors of o?
79
Suppose 0 = -463*v + 455*v + 21216. What are the prime factors of v?
2, 3, 13, 17
Let z(q) = -97*q - 5. Let j be z(-10). Suppose 8*h + 149 = j. List the prime factors of h.
2, 3, 17
Let d(a) = 82*a**2 - 43*a + 125. List the prime factors of d(3).
2, 367
Let d be (-6 - 1)/(-2 - -3). Let k = 11 + d. Suppose k*u - 5*c + c = 112, 2*u = 5*c + 56. List the prime factors of u.
2, 7
Let h(r) = r. Let v be 4/6 + 116/6. Suppose 3*q + v = 2*y, q + 15 = -5*y + 48. What are the prime factors of h(y)?
7
What are the prime factors of 282900/46 - -3*15/(-9)?
5, 1229
Let y(j) = 10*j + 35. What are the prime factors of y(25)?
3, 5, 19
Suppose -89*h + 93*h = -n + 1548, 0 = -5*h + 5. List the prime factors of n.
2, 193
Suppose 2*w + 100 = -18. List the prime factors of (4 + -3 + -2)*w*1.
59
Let f be (-1 + 0)/((-4)/12). Suppose f*w = 78 + 108. List the prime factors of w.
2, 31
Suppose 7*j = 5*j + 74. List the prime factors of j.
37
Suppose 2*c - 8*z = -5*z + 3064, 5*c - 4*z - 7660 = 0. What are the prime factors of c?
2, 383
Suppose 0*t - 20 = -2*t. Suppose 0 = -4*v + 4*o + 16, t = 4*v + 2*o - 0. Suppose v*r = 8 - 2. List the prime factors of r.
2
Let j = 16 - -10. Let w = -99 + 102. Suppose 4*p - j = -l, 5*l + w*p = 7*p + 130. What are the prime factors of l?
2, 13
What are the prime factors of 3861/66*(-4)/(-6)?
3, 13
Suppose -9*n + 6*n + 744 = 0. List the prime factors of n.
2, 31
Suppose 4*q + 3*d = -0*d - 13, 0 = -5*q + 3*d + 4. Let k be -3 - -4*q/4. What are the prime factors of (-193)/k - 2/8?
2, 3
Let w be -1*(0/(-2) - 6/3). Suppose 4*b = w + 6. What are the prime factors of b?
2
Suppose 368 = -57*t + 58*t. List the prime factors of t.
2, 23
Let m be -1*(-2 + 5) + 3. Let b = 6 - m. Suppose 3*g = 2*i + 32, b*g - 5*g = -i + 9. List the prime factors of g.
2, 5
Let o = 16 - 13. Suppose x - o*x + 376 = 0. List the prime factors of x.
2, 47
Let h be 36/(-4)*3/(-9). 